= k**3 + 12*k**2 + 3*k + 34. What are the prime factors of g(-11)?
2, 61
Let r = -52 - -80. What are the prime factors of r?
2, 7
Suppose 2*g - 61 = 3*k, 2*g - 4*k = 15 + 51. Let m = g + -7. Suppose -3*u + m = -u. What are the prime factors of u?
2
Let j be 1*(-2 + 31) - -3. Let f be (-9)/6*j/(-3). Suppose -2*x = -8 - f. List the prime factors of x.
2, 3
Let z = 86 - 80. List the prime factors of z.
2, 3
Suppose x - 2*b = 4*x - 203, 137 = 2*x + b. List the prime factors of x.
71
Let b be (-1 + 1 - -2) + 2. Suppose 0 = 2*t + 3*q - 60, -126 = -b*t + 2*q - 5*q. What are the prime factors of t?
3, 11
Let k(m) = -m**3 - 3*m**2 - m + 4. Let c be k(-3). Let r = 53 + -36. Suppose 2*n + 2*h - c = 11, -n + r = 3*h. List the prime factors of n.
5
Let p(l) = l + 12. Let k be p(-7). Suppose -s + 2*s = k*f + 51, 0 = -5*s + f + 159. List the prime factors of s.
31
List the prime factors of -6 - -2 - (-21 - -7).
2, 5
Suppose 12 = q + 3*q - 4*l, -3*l + 31 = 5*q. Suppose w - 4*a + 7 = 0, -q*w + 3*a + 11 = -w. What are the prime factors of w?
5
Let v(i) = 0*i**3 + 13*i + 0*i**3 + i**3 + 0*i**3 + 8 - 12*i**2. List the prime factors of v(11).
2, 3, 5
Let r = 0 + 4. List the prime factors of r.
2
Let r(j) = 2*j**2 + 2*j**2 + 6*j**2 + j**2 - 1. Let i be r(1). What are the prime factors of i - (-2 + 1 - -3)?
2
Let f(z) = z**3 - 3*z**2 - 2*z + 1. Let p be f(-2). Let o(c) = 3*c + 7. Let r be o(-5). Let h = r - p. List the prime factors of h.
7
Let c(f) = -f**2 + 16*f - 2. Let l be c(11). Suppose -2*r = -41 - l. What are the prime factors of r?
47
What are the prime factors of (112/(-3) - -2)/(1/(-3))?
2, 53
Let k = 10 - 5. Suppose 22 = 4*j + k*b - 20, 5*j - 5*b = 30. What are the prime factors of j?
2
Suppose 3*k - 4 = -j, -3*k - 2 + 10 = 5*j. Let m be -6 + (0 + 1 - 1). Let g = j - m. List the prime factors of g.
7
Suppose 5*z - 74 = 5*x + 81, 0 = -5*z - 3*x + 187. What are the prime factors of z?
5, 7
Suppose -n + 142 = -0*i - 2*i, 5*i + 285 = 2*n. What are the prime factors of n?
2, 5, 7
Let m = -14 + -2. Suppose -3*s + 5*s + 37 = z, 5*s - 2 = -z. Let h = m + z. List the prime factors of h.
11
Suppose -348 = 2*p + 2*p. What are the prime factors of (-3)/(-3 - 252/p)?
29
Suppose -43 = 4*m + 53. Let v = 17 + m. Let s(q) = -q**3 - 7*q**2 - q + 5. List the prime factors of s(v).
2, 3
Let g = -25 - -34. What are the prime factors of g?
3
Suppose 121 = -5*n + 3*f + 765, 0 = -2*n + 2*f + 256. What are the prime factors of n?
2, 5, 13
Let w = 588 + -409. List the prime factors of w.
179
Suppose -3*n - 2*x + 24 = 0, 0 = -3*n - x + 25 + 2. Suppose 9 = 3*t + 4*j + 3, -j = 5*t - n. List the prime factors of t/5 - 43/(-5).
3
Suppose n - 5*y - 14 = 0, -n = -0*n + 3*y - 14. Let c be 2370/27 - (-2)/9. What are the prime factors of (-4)/n - c/(-14)?
2, 3
Suppose -55 = -3*x - f, 4*x + 3*f - 25 = 40. Suppose 0 = -5*q - 4*b + x, -5*b - 6 = -5*q + 14. List the prime factors of q/(-10) - 60/(-25).
2
Let q be -1 - -4 - (2 - 1). Let z(r) = r**2 + 2*r. Let l be z(q). Suppose 5*d - 3*d = l. What are the prime factors of d?
2
Suppose 4*m = -3*b - 44, -4*b + 0*m = m + 37. Let j = 79 - 55. Let s = b + j. What are the prime factors of s?
2
Let k(r) = -3*r - 1. Let n(v) = -3*v. Let q(j) = 2*k(j) - 3*n(j). Let b be q(2). Let l = b - 1. List the prime factors of l.
3
Suppose -2*q + 4*l = -342 + 64, 3*l = -2*q + 278. List the prime factors of q.
139
Let y = -6 + 8. Suppose n - y*d = -6*d + 16, -5*n - 2*d + 152 = 0. Suppose -5*b - 101 = -4*h, -3*h - 3*b - 2*b = -n. List the prime factors of h.
19
Suppose 5*o = 26 - 1. Suppose -4*x - 18 = -3*m + o, -3*m = 5*x - 59. What are the prime factors of m?
13
Let w(f) be the first derivative of -f**3/3 + 4*f**2 + 4*f + 3. Let p = 25 + -18. List the prime factors of w(p).
11
Let o = 66 + -5. What are the prime factors of o?
61
Let m(o) = o**2 + 9*o - 2. Let t be m(-10). Let w be (-14)/t*(-12)/3. Suppose -2 = -x + w. What are the prime factors of x?
3
Suppose -x + 0*x = 0. Let d = 5 - 4. What are the prime factors of -2*(d + x) - -13?
11
Let n be (-22)/(-10) + 1/(-5). Let h(d) be the third derivative of -d**6/120 + d**5/15 - d**4/24 + d**3/3 - 2*d**2. What are the prime factors of h(n)?
2
Suppose -2*l = 0, l = -4*r - 3*l + 312. What are the prime factors of r?
2, 3, 13
Suppose 4*g - 288 = -0*g. List the prime factors of g.
2, 3
Let a(x) = 6*x**2 - 4*x. List the prime factors of a(3).
2, 3, 7
Let o = 3 + -6. Let i be 1 + (-1)/(o/6). Suppose 3*l = -m - l - 5, 1 = -m - i*l. What are the prime factors of m?
11
Let a(y) = -y**3 - 10*y**2 - 10*y - 5. Let k be a(-9). Let r(q) = -q**3 + 3*q**2 + 3*q - 4. Let w be r(4). List the prime factors of (-1*4)/(k/w).
2
Let k = -207 - -351. List the prime factors of k.
2, 3
Suppose 0 = -3*w + 5*q + 184, -w + 4*q + 19 + 33 = 0. List the prime factors of w.
2, 17
Suppose -i = f - 4 - 0, -4*f = -2*i - 10. Suppose -31 = -4*s - f*u, 9 = -2*s + 3*s + 2*u. List the prime factors of s.
7
Let s(d) be the second derivative of -d**3/3 - d. What are the prime factors of s(-4)?
2
What are the prime factors of (-10)/15 + 98/3?
2
Let f = 32 - 8. What are the prime factors of f?
2, 3
Suppose -12 = -3*v + 33. Suppose -2 - 9 = b. Let z = v + b. List the prime factors of z.
2
Suppose 5*p + 3*u - 3 = 0, p - 19 = -0*p + 4*u. Suppose 0 = -p*a + 5*a. Suppose 4*v + g = 51, a*v = 5*v - 4*g - 48. What are the prime factors of v?
2, 3
Suppose 1 = 2*n - 3. Suppose -l + n*l = 3. List the prime factors of l.
3
Let k(n) = -8*n. Let a be -1*2 - 3/(-1). Suppose -a = 2*i - i. What are the prime factors of k(i)?
2
Let l be -2 - 0 - 2 - -3. Let c(u) = 2*u + 2*u - 5*u - 4*u. List the prime factors of c(l).
5
Let r = 11 - 10. List the prime factors of (-76)/1*r/(-2).
2, 19
Let t(w) = -11*w**2 + 15*w - 10. Let v(m) = -4*m**2 + 5*m - 3. Let y(g) = -3*t(g) + 8*v(g). Let f be y(4). Let s = 7 - f. What are the prime factors of s?
5
Let t(f) = -f**2 - 11*f. Let y be t(-10). Suppose v + v - y = 0. List the prime factors of v.
5
Suppose f - 4*f = -15. Suppose -2*g + 3 = 3*w, 0*g - f*w = 2*g - 5. What are the prime factors of (-12)/(-1*(1 + g))?
2, 3
Let z = -29 - -57. Let d = z - 19. What are the prime factors of d?
3
List the prime factors of (-2)/(-3)*-6 + 2 + 229.
227
Suppose -15 = -2*b - 3*b. Let j(l) = -l**2 + 8*l - 2. What are the prime factors of j(b)?
13
Let n(j) be the first derivative of -j**4/4 - 2*j**3/3 - j**2 - 2*j - 4. Let o = -5 - -2. List the prime factors of n(o).
13
Let f = 253 - 139. What are the prime factors of f?
2, 3, 19
Suppose -g + 5*o = g - 13, 0 = 5*g + 5*o - 15. Suppose h - g = 2. List the prime factors of 54/(-2)*h/(-18).
3
Let j = 14 + -40. Let f = -12 - j. What are the prime factors of f?
2, 7
Let z = -20 + 112. List the prime factors of z.
2, 23
Let p(h) = 5*h + 7. Let k(c) = c**3 + 6*c**2 + 5*c + 5. Let v be k(-5). List the prime factors of p(v).
2
Let b(o) = o**2 + 6*o + 6. Let f(v) = v + 1. Let t(m) = 3*b(m) - 21*f(m). Let z(x) = -2*x**2 - 2*x + 2. Let i be z(-2). List the prime factors of t(i).
3, 5
Let c = 3 - -1. Suppose 160 = c*h - 5*g + 40, 0 = 4*h + g - 120. List the prime factors of h.
2, 3, 5
List the prime factors of 16 - 5/(15/(-9)).
19
Suppose 20*s - 1410 - 130 = 0. List the prime factors of s.
7, 11
Let o(d) = d**2 + 16*d + 14. What are the prime factors of o(-18)?
2, 5
Let j(p) = 21*p**2 + 2. Let c be j(-2). Suppose 0 = i - 2*x - 24, -4*i - x = x - c. What are the prime factors of i?
2, 11
Suppose 0 = -6*n + 3*n + 78. Let v = -18 + n. What are the prime factors of v?
2
Suppose 0 = 2*m - 60. What are the prime factors of m?
2, 3, 5
Let a(m) = -3*m + 1. Let z be 5/10*(-4)/(-2). Let u be a(z). List the prime factors of (9 - (-1 - -3)) + u.
5
Let v(j) be the second derivative of -j**5/20 + j**4/2 + j**3/2 - 7*j**2/2 - 2*j. List the prime factors of v(6).
11
Let m = 14 - 6. Suppose -6 = -v + m. List the prime factors of v.
2, 7
Let h = 0 + 4. Suppose 0*x + x - h*y - 24 = 0, 0 = 3*x - 3*y - 27. List the prime factors of x.
2
What are the prime factors of (-2 - 67)*(3 - 9)/6?
3, 23
Let c be -2 + 3 - (3 - 2). List the prime factors of 25 + 1 + -3 + c.
23
Let k(i) = i**3 + 2. Let d be k(0). Let c be (1 - (-2 + 3))/d. Let l = 5 + c. What are the prime factors of l?
5
Let d = -18 - -173. List the prime factors of d.
5, 31
Let a be -5